a prime number?
True
Is 7633 a composite number?
True
Is 111835 a composite number?
True
Is 915958 a composite number?
True
Is 165797 prime?
False
Is 2767 prime?
True
Is 728771 prime?
True
Is 12367 prime?
False
Is 989057 composite?
True
Is 45437 a composite number?
True
Is 407 a prime number?
False
Is 21561 a prime number?
False
Is 33241 prime?
False
Is 30757 a composite number?
False
Is 662107 a prime number?
True
Is 69427 prime?
True
Is 36602 a composite number?
True
Is 3761 prime?
True
Is 2591 prime?
True
Is 5147 a composite number?
False
Is 118145 a prime number?
False
Is 19769 prime?
False
Is 20431 a prime number?
True
Is 952617 a prime number?
False
Is 327065 a prime number?
False
Is 27509 a prime number?
True
Is 13001 a prime number?
True
Is 754918 a prime number?
False
Is 197993 a composite number?
True
Is 2581 a composite number?
True
Is 26653 prime?
False
Is 15053 composite?
False
Is 538987 a prime number?
True
Is 9813 a prime number?
False
Is 19181 composite?
False
Is 11533 prime?
False
Is 2179 a composite number?
False
Is 18899 a composite number?
False
Is 5557 a prime number?
True
Is 440867 composite?
True
Is 420337 prime?
False
Is 51059 a prime number?
True
Is 1415611 composite?
False
Is 29657 composite?
True
Is 26141 prime?
True
Is 1109 composite?
False
Is 6089 a composite number?
False
Is 91283 composite?
False
Is 30949 a prime number?
True
Is 217969 prime?
True
Is 7499 a composite number?
False
Is 386513 a composite number?
True
Is 697985 a composite number?
True
Is 93047 composite?
False
Is 40211 a prime number?
False
Is 903358 a composite number?
True
Is 47501 a prime number?
True
Is 22739 a prime number?
True
Is 11146 composite?
True
Is 49753 a prime number?
False
Is 21673 a prime number?
True
Is 49453 a composite number?
True
Is 287087 a composite number?
False
Is 587 composite?
False
Is 26513 a prime number?
True
Is 43427 a composite number?
False
Is 34123 composite?
False
Is 11462497 composite?
False
Is 1477823 composite?
False
Is 78911 a composite number?
True
Is 35273 prime?
False
Is 1195157 prime?
False
Is 4619 prime?
False
Is 535481 composite?
False
Is 443 prime?
True
Is 2761 a composite number?
True
Is 332287 prime?
True
Is 2204489 composite?
True
Is 39439 prime?
True
Is 3086 composite?
True
Is 14689 a prime number?
False
Is 1525801 prime?
False
Is 479 composite?
False
Is 87887 a prime number?
True
Is 415 a composite number?
True
Is 9974 a prime number?
False
Is 1101 a prime number?
False
Is 3898 prime?
False
Is 30053 composite?
True
Is 402239 composite?
False
Is 5981 a prime number?
True
Is 42767 a composite number?
False
Is 216499 prime?
False
Is 318367 a composite number?
True
Is 72997 composite?
False
Is 59611 composite?
False
Is 67817 composite?
True
Is 165749 prime?
True
Is 19069 composite?
False
Is 17291 a composite number?
False
Is 371 a composite number?
True
Is 41479 a prime number?
True
Is 130841 a prime number?
True
Is 333071 prime?
True
Is 408749 a prime number?
False
Is 22391 a prime number?
True
Is 1427359 a prime number?
True
Is 167309 a composite number?
False
Is 459205 composite?
True
Is 566387 composite?
False
Is 4789 a composite number?
False
Is 27989 a composite number?
True
Is 84589 a prime number?
True
Is 2843 composite?
False
Is 305833 prime?
False
Is 318979 composite?
False
Is 57347 prime?
True
Is 9811 composite?
False
Is 1381 a prime number?
True
Is 11239 a composite number?
False
Is 17723 composite?
True
Is 50237 prime?
False
Is 56849 a prime number?
False
Is 24659 prime?
True
Is 517469 prime?
True
Is 40453 prime?
False
Is 154498 prime?
False
Is 201377 a prime number?
False
Is 76871 prime?
True
Is 16547 composite?
False
Is 487589 a composite number?
False
Is 444965 a composite number?
True
Is 5650811 prime?
True
Is 57047 a composite number?
False
Is 487961 prime?
False
Is 12197 composite?
False
Is 523589 prime?
False
Is 1344979 a prime number?
True
Is 23719 prime?
True
Is 2888467 a prime number?
True
Is 6437 a prime number?
False
Is 415591 a prime number?
False
Is 373553 a prime number?
True
Is 1615651 a prime number?
True
Is 3251 composite?
False
Is 331373 a composite number?
True
Is 37357 composite?
False
Is 4417 prime?
False
Is 542 composite?
True
Is 7897 composite?
True
Is 715289 prime?
True
Is 6863 composite?
False
Is 11197 composite?
False
Is 65599 a composite number?
False
Is 18839 composite?
False
Is 97891 a composite number?
True
Is 3683 a prime number?
False
Is 1831421 a prime number?
False
Is 13367 a prime number?
True
Is 2901 a prime number?
False
Is 906107 a prime number?
True
Is 104849 composite?
False
Is 24437 composite?
True
Is 2518 prime?
False
Is 45883 composite?
True
Is 302945 a prime number?
False
Is 36827 a composite number?
True
Is 5087 a prime number?
True
Is 68813 prime?
True
Is 1594451 prime?
True
Is 4271 composite?
False
Is 461819 prime?
True
Is 17899 prime?
False
Is 235821 a composite number?
True
Is 11953 prime?
True
Is 130303 composite?
False
Is 49873 a composite number?
True
Is 4421 prime?
True
Is 2437 composite?
False
Is 22481 prime?
True
Is 30313 composite?
False
Is 269673 a composite number?
True
Is 19733 prime?
False
Is 1481 a prime number?
True
Is 2477 composite?
False
Is 251533 prime?
True
Is 123995 composite?
True
Is 19859 composite?
True
Is 329905 a prime number?
False
Is 257065 a composite number?
True
Is 5317 a composite number?
True
Is 234937 a prime number?
False
Is 101945 a composite number?
True
Is 168593 composite?
True
Is 43573 a composite number?
False
Is 19813 a composite number?
False
Is 99551 prime?
True
Is 286411 a composite number?
False
Is 11283 a prime number?
False
Is 52943 composite?
True
Is 741655 composite?
True
Is 5167 composite?
False
Is 2819 composite?
False
Is 34681 prime?
False
Is 28115 prime?
False
Is 17657 a composite number?
False
Is 480583 prime?
True
Is 7187 a composite number?
False
Is 260381 prime?
False
Is 51179 a composite number?
True
Is 818113 prime?
True
Is 36029 a prime number?
False
Is 140363 a composite number?
False
Is 595135 composite?
True
Is 137185 prime?
False
Is 1293 prime?
False
Is 617107 a prime number?
True
Is 12071 composite?
False
Is 122387 composite?
False
Is 1051357 a composite number?
True
Is 253841 prime?
False
Is 357541 composite?
True
Is 493 a composite number?
True
Is 32845 a prime number?
False
Is 331781 composite?
False
Is 225409 a composite number?
True
Is 34019 a prime number?
True
Is 36587 a composite number?
False
Is 53939 a prime number?
True
Is 68741 composite?
True
Is 3817 prime?
False
Is 2957 a composite number?
False
Is 3299 prime?
True
Is 181565 prime?
False
Is 1697558 a prime number?
False
Is 188959 a prime number?
False
Is 14051 prime?
True
Is 491081 composite?
False
Is 16243 a prime number?
False
Is 97021 composite?
False
Is 19769 prime?
False
Is 179519 composite?
False
Is 1841 a composite number?
True
Is 930341 composite?
True
Is 1485821 composite?
False
Is 7187 a prime number?
True
Is 5919 a composite number?
True
Is 12849 composite?
True
Is 36833 prime?
True
Is 3053911 composite?
True
Is 49237 a composite number?
True
Is 2333 prime?
True
Is 144817 composite?
False
Is 69583 a composite number?
True
Is 46439 prime?
True
Is 61771 composite?
True
Is 29567 prime?
True
Is 583549 composite?
True
Is 556513 prime?
True
Is 10583 a prime number?
False
Is 679555 composite?
True
Is 13381 a prime number?
True
Is 327917 prime?
True
Is 2140283 composite?
True
Is 2843 a prime number?
True
Is 222247 composite?
False
Is 118493 a composite number?
False
Is 411581 a composite number?
True
Is 2978423 a prime number?
False
Is 268773 a composite number?
True
Is 24937 prime?
False
Is 2053 composite?
False
Is 164767 a prime number?
True
Is 75079 composite?
False
Is 410829 a prime number?
False
Is 130229 composite?
True
Is 62767 a composite number?
True
Is 3113 prime?
False
Is 3614203 prime?
True
Is 11203 composite?
True
Is 22463 a composite number?
True
Is 309867 a prime number?
False
Is 156901 prime?
True
Is 17023 prime?
False
Is 219643 composite?
True
Is 31357 a composite number?
False
Is 1937 a prime number?
False
Is 20849 composite?
False
Is 276949 prime?
True
Is 2606 a composite number?
True
Is 27767 a composite number?
False
Is 9883 composite?
False
Is 1918121 a prime number?
True
Is 1060949 